 j(s) = 3*f(s) - h(s). Give j(-33).
-11
Let k(x) = -x**2 + 4. Let g(h) = h**2 - 7*h - 76. Let v = 307 - 294. Let t be g(v). Calculate k(t).
0
Suppose 9*z - 45 = 4*z - 2*o, 4*z - 3*o - 36 = 0. Let t(f) = -29*f - 759 + 384 + 370 + 20*f + f**2. Calculate t(z).
-5
Suppose 5*d = -3*g - 406, -d - 46 = g + 92. Let o = g - -146. Let c(i) = -2*i**2 + 7*i - 4. What is c(o)?
-8
Suppose 17*d = -213 + 60. Let c(q) = q - 1. Let f(a) = 2*a - 16. Let n(i) = -3*c(i) + f(i). What is n(d)?
-4
Suppose k - 3*l - 6 = 0, 2*k + 18*l = 21*l. Let t(u) = -5*u - 35. What is t(k)?
-5
Let z(w) = -w**2 + 7*w + 7. Suppose -4*y - 7*n + 6*n + 19 = 0, 0 = y - n - 1. Suppose -49 = -y*x - 3*x. Give z(x).
7
Let t be -1*(-1)/(-3)*(35 + -77 + 39). Let b(r) be the third derivative of 3*r**4/4 + r**3/6 - r**2. Determine b(t).
19
Let q(u) = -u**3 + u + 4. Let p(t) = t**3 + 2*t**2 - 6*t - 8. Let y be p(-3). Let z be 0/((-2 + 4)*-1*y). What is q(z)?
4
Suppose 4*l = 3*l - 3. Let v(q) be the third derivative of q**4/12 + q**3/2 + 114*q**2 - 7*q - 1. What is v(l)?
-3
Let i(n) be the first derivative of 3/2*n**2 + 19 + 15*n - 1/20*n**5 + 5/6*n**4 - 5/3*n**3. Let m(j) be the first derivative of i(j). What is m(9)?
-6
Let y(f) = -f**3 - 7*f**2 - 2*f - 1. Suppose j - 10 - 3 = 2*m, 2*j = -3*m - 16. Give y(m).
-25
Let i be (-4 - 22/(-4)) + (-2)/(-4). Let b(p) = 13*p - i*p - 8*p - 6*p - 2. What is b(3)?
-11
Let s be (-1590)/(-636)*(0 + 4) - 1. Let c(j) be the second derivative of j**4/12 - 5*j**3/3 + 3*j**2/2 - 4*j. Determine c(s).
-6
Let l(n) = -1482*n**3 - n + 591*n**2 + 1481*n**3 - 611*n**2 + 12. Give l(-20).
32
Let k(a) = 3*a + 51. Let g be k(-16). Suppose 116*z = 119*z - g. Let l(n) = -n**2 - 2 - 6*n + z - 4 + 0. Determine l(-4).
3
Let u(x) = x**2 + 3*x - 4. Let d(p) = -31*p - 39. Let j be d(-8). Let w = -213 + j. Give u(w).
0
Suppose 6 + 0 = -2*o. Let n be 19/o + (-2)/(-6). Let k be (2/n)/(1/(-6)). Let h(r) = -r**2 + 3*r - 2. What is h(k)?
0
Let p(i) = i**3 - 2*i**2 - 4*i - 8. Let z = -884 - -890. Determine p(z).
112
Suppose -4*a - 5 = a. Let o(q) be the second derivative of -q**4/12 + q**3/6 + 23*q**2/2 + 5*q - 14. Let s(v) be the first derivative of o(v). Calculate s(a).
3
Let i(t) = 2*t**2 + 9*t + 5. Let c(r) = -15*r**2 - 72*r + 12. Let s be c(-5). What is i(s)?
-4
Let n(b) be the first derivative of 3*b**6/20 - b**3/6 - 5*b**2/2 + 4*b - 88. Let k(z) be the second derivative of n(z). Give k(-1).
-19
Let l = 562 - 555. Let h(s) = -l - 1 + 13 - s - 2. What is h(-2)?
5
Let k(r) = r**3 + 7*r**2 - 1. Suppose -5*t + 24 - 39 = 2*f, -3*f - 11 = -4*t. What is k(f)?
49
Let v(k) = 2*k**3 + 2*k**2 - k - 1. Let y(z) = z**3 + z - 3. Suppose 4*q - 44*n + 4 = -40*n, -q = 2*n - 5. Let j(p) = q*y(p) - v(p). Determine j(3).
-41
Suppose 5*b - 68 = -3*t, -b - 15*t + 17 = -11*t. Let i(z) = -6*z + 21. Give i(b).
-57
Let d(p) = -2*p**2 + 2*p - 4. Let t be (4/10)/((-12)/(-15))*388. Suppose 198 = 8*y - t. Let m = y - 46. What is d(m)?
-16
Let s(t) = -2*t - 1. Let x(a) = 5*a - 10. Let j(p) = 6*p - 11. Let n(r) = -4*j(r) + 5*x(r). Let f(q) = n(q) - 3*s(q). Determine f(3).
18
Let f(y) = -11*y - 1. Let s be f(-3). Suppose -4*p + v = -143, -3*v + 7*v = p - s. Let r(a) = -p - 3*a + 12 + 4*a + 14. What is r(7)?
-3
Suppose 5*r = -0*r - 15. Let d(m) = -9 - 7 + 24 - 6*m + m**2 - 10 + 2*m**3. Let y(a) = -3*a**3 - a**2 + 10*a + 4. Let s(z) = -5*d(z) - 3*y(z). Determine s(r).
7
Let u(s) be the second derivative of 1/3*s**3 + 1/4*s**4 - s**2 + 1/20*s**5 + 0 + 25*s. Let c = 34 + -36. Calculate u(c).
-2
Let o = -121 - -231. Suppose 114*d - o*d = 16. Let p(j) = -d - 4*j**3 - 4*j**2 + j - 3*j**3 + 6*j**3 + 0*j**3. What is p(-4)?
-8
Let l(h) = 3*h**3 - 29*h**2 + 15*h + 27. Suppose -99 = -12*g + 34 - 25. What is l(g)?
0
Let v be (-5 - -5)*2/6. Let h(k) be the second derivative of k**5/120 + k**4/6 + 63*k**3/2 + 8*k - 3. Let g(q) be the second derivative of h(q). What is g(v)?
4
Let o(u) = u**2 - 13*u + 15. Let l = 276 - 264. Let f be o(l). Let k(q) = q**2 - 7. What is k(f)?
2
Let n(a) be the third derivative of 7*a**4/12 - 9*a**3 - 3*a**2 - 1935*a. What is n(5)?
16
Let n = 2 - -2. Let u(m) = n*m**2 + 5 + 2*m - 8*m - 3*m**2 - 2*m**2. Suppose -10*t = -7*t + 24. Calculate u(t).
-11
Suppose 14 = -5*m - 1. Let c(x) = -6*x**3 - 2*x**2 - 25*x - 22. Let p(f) = f**3 + 4*f + 4. Let j(v) = -c(v) - 5*p(v). What is j(m)?
-22
Let t(o) = -o**2 - 2*o - 1. Let j be t(-1). Suppose 4*u - m = 31, j = -5*m + m - 12. Let r(g) = u*g + 9 - g - 11*g. Give r(6).
-21
Suppose 0 = 2*w, 2*w + 183 = 3*s - 6*s. Let n = -64 - s. Let j(k) = k**3 + k**2 + 2*k - 4. Give j(n).
-28
Let n(y) = 7*y - 1. Let r(u) = -3*u**2 + 4*u + 5. Let p be r(-2). Let z be 3/(-3*(-4 - 55/p)). Give n(z).
20
Let a(p) = -3*p + 10. Suppose -2*o - o = 48. Let c be 2/o*2 + (-323)/(-76). Calculate a(c).
-2
Let w(p) = p**2 - 9*p + 14. Suppose 0 = -29*s - 4*s - 58*s + 364. Give w(s).
-6
Let a be (-2 - (-2 + -3)) + 0. Suppose r + y = a*r - 10, -r - 4*y - 13 = 0. Let m(d) be the first derivative of -d**4/4 + 2*d**3 - 3*d + 2. Give m(r).
24
Let b(l) be the first derivative of 0*l - 99 - 7*l**3 - 1/2*l**2. What is b(-1)?
-20
Let j(x) = 4*x**2 - 7*x + 40. Let t(n) = 22*n**2 - 38*n + 224. Let o(m) = -28*j(m) + 5*t(m). Let l be ((-40)/12)/(4/(-6)). Calculate o(l).
-20
Let q(a) = -4*a**2 - a - 3. Suppose 3*c + z - 1792 = 0, 20*c - 16*c = 2*z + 2406. Let p = 596 - c. Give q(p).
-36
Let i be (-6 - (-2 - 3))/1. Let f be (-4 + 6 - i)*-2. Let n(r) = -r**3 - 5*r**2 + 6*r + 7. Calculate n(f).
7
Let c(f) = f**2 + 9*f - 14. Suppose -5*b - d = 0, b + 4*d = 2*d. Suppose -6*k - 3*k - 90 = b. Determine c(k).
-4
Suppose 2*p - 46 = 4*k - 14, 5*k + 33 = -p. Suppose -16 = 20*b - 56. Let q(o) = 8 - 11*o + o**b - 12*o + 2 - 4*o + 36*o. Calculate q(k).
-4
Let s(r) = -2*r + 4. Suppose 2*u - 2*k - 42 = k, 88 = 5*u + k. Suppose 0 = 14*i - 8*i - u. What is s(i)?
-2
Let r(w) = -w**2 - 9*w + 9. Let z be (5/(-3))/((-35)/(-30) - 1). Let t be r(z). Let k(l) = -26*l**2 - l - 2. Determine k(t).
-27
Suppose 5*f - 292 = -4*u - 71, -3*f + 50 = u. Let g(m) = -2 + 3*m**3 + 63*m - m**3 - 3*m**2 - u*m. Calculate g(2).
10
Suppose -4*c - 8 = 4*z, 34*z + 18 = 33*z + 3*c. Let d(w) = 2*w**3 + 12*w**2 - 3*w - 9. Calculate d(z).
9
Let o(f) be the first derivative of f**3/3 - 3*f**2/2 - 8*f + 1362. Suppose 2*q + 0 - 4 = 0. Let t be 7 + 0 + q + -3. What is o(t)?
10
Let l be 6*(-1*(-9)/(-3) - -2). Let i(q) = -q**2 - 8*q - 8. Let s be i(l). Suppose 2*n - 5 + 0 = -v, 5*v + s*n + 5 = 0. Let x(h) = -h - 6. Determine x(v).
-1
Let h(o) = 175*o + 6300. Let s be h(-36). Let f(r) be the third derivative of 0 + 1/15*r**5 - 1/24*r**4 + 22*r**2 + s*r**3 + 0*r. Calculate f(1).
3
Let q(a) = -a**3 - 9*a**2 - 15*a + 15. Let d(x) = 15*x + 1734. Let k be d(-116). Determine q(k).
-3
Let h(g) be the third derivative of -g**2 - 101 - 5/12*g**4 - 1/60*g**5 + 0*g - 1/3*g**3. What is h(-9)?
7
Suppose 338*g - 929 = -436*g + 2941. Let a(v) = -3*v - 9 - 3 + 6*v. Calculate a(g).
3
Let f(v) be the second derivative of 0*v**3 + 51 - 5/2*v**2 - 1/12*v**4 - v. Calculate f(5).
-30
Let g(s) be the first derivative of -3*s**2/2 - 5*s + 228. Let c = 32 - 34. Calculate g(c).
1
Let g(d) = 3*d**2 - 24*d + 37. Let u(z) = -4*z**2 + 34*z - 55. Let m(q) = 7*g(q) + 5*u(q). Give m(-9).
47
Suppose 12*i - 17*i + 90 = -5*y, 0 = -3*i - 15*y - 126. Let o = -2 + 4. Let v(d) = 2*d**o - 1 - 3*d**2 - 7 + 9*d. Determine v(i).
0
Let h = 33252 + -33252. Let p(r) = -9*r**3 + 7*r**2 + 2*r - 5. Let b(o) = 5*o**3 - 4*o**2 - o + 3. Let m(g) = 7*b(g) + 4*p(g). Determine m(h).
1
Let s = -177 - -181. Let c(q) = 0*q + 0 + q**3 + s*q**2 + 0*q - q - 1. Calculate c(-4).
3
Let q = 31 - 20. Suppose 7*t - 8*t - 3*i = 0, 16 = 2*t - 2*i. Let z(a) = -q*a + 9*a + t + 0 - 3 + a**2. Calculate z(4).
11
Let j(c) = 41*c**2 + 23*c + 16. Let w(r) = -10*r**2 - 2*r - 1. Let i(k) = -j(k) - 4*w(k). Calculate i(-14).
2
Let q(m) = 2 - 28*m**2 + 3*m**3 - 27*m**2 + 54*m**2. Let u be q(1). Let j(l) = 4*l - 5. Let t(d) = -9*d + 10. Let f(o) = 7*j(o) + 3*t(o). Determine f(u).
-1
Let v(f) be the third derivative of f**4/4 + f**3/3 - 30*f**2 - 2. Suppose -w + 4 - 17 = -5*h, -2*w + 4 = 5*h. Give v(h).
14
Let g(j) = -49*j - 16. Let a(o) = -20*o - 7. Let r(b) = 5*a(b) - 2*g(b). What is r(-6)?
9
Let p(x) be the second derivative of 2*x**4 + x**3